3. Let a be g(7). List the prime factors of 399 + (1 - a) - 150/(-50).
2, 101
Let v(f) = -f - 7. Let p be v(-9). Let x(b) = b + 38*b**2 - 2 + 21*b**3 - 15*b**p - 21*b**2. List the prime factors of x(1).
2, 11
Let k(g) = -5*g - 16. Let v be k(-7). Let l(h) = h**3 - h + v*h**2 + 2 - 6*h**2 - 1. List the prime factors of l(-12).
157
Let l(v) = 5*v**2 - 45*v - 2. Let g(t) = 11*t**2 - 90*t - 3. Let u(i) = 4*g(i) - 9*l(i). What are the prime factors of u(24)?
2, 3, 5, 17
Let f = 1270 + -1225. Suppose -x = -5*g + 947, -5*g = -4*g - 3*x - 181. Let y = f + g. List the prime factors of y.
5, 47
Let b(d) = -d + 18. Let t be b(16). Suppose 0 = 2*k + 3*k + t*v + 148, -v = 5*k + 149. List the prime factors of (-58)/(-5) + (-12)/k.
2, 3
Suppose 5*l = -3944 - 3506. List the prime factors of (9/6 - 3) + l/(-4).
7, 53
Suppose o - 2515 = -3*w, -4*w + 5234 - 1878 = 2*o. What are the prime factors of w + (-1 - -7)/((-12)/(-8))?
29
List the prime factors of 1592/10*(535/10 + -16).
2, 3, 5, 199
Let p = 743 + 3647. List the prime factors of p.
2, 5, 439
Suppose -88*a - 5*r = -83*a - 44915, 2*r = 2*a - 17930. List the prime factors of a.
2, 7, 641
Let n(o) = -2*o**3 - 10*o**2 - 2*o + 7. Let v be n(-5). Let z = v - 19. List the prime factors of (-151)/z - (-3)/(-6).
3, 5
Let q = 149 + -336. Let r = 587 + q. List the prime factors of r.
2, 5
Let q be (-6)/(-39) + (-99988)/(-52). Let a = q - 1212. List the prime factors of a.
3, 79
Let c be 630 + (-7)/((-28)/12). List the prime factors of (-9)/((-27)/c) - -2.
3, 71
Let l = -206 - -203. What are the prime factors of 1/(2/l + (-762)/(-1116))?
2, 31
Suppose 29*m - 24*m + 100 = 0. List the prime factors of ((3984/15)/(-2))/(8/m).
2, 83
Let f(p) = -p + 28. Let x be f(20). Let c(a) = 2*a - 10. Let s be c(x). Suppose s*g + 1768 = 14*g. List the prime factors of g.
13, 17
Let j be ((-75)/(-50))/(2/164). Let r = 817 - j. List the prime factors of r.
2, 347
Let n = -3154 - -4018. What are the prime factors of n?
2, 3
Suppose 0 = -h + 4*l + 5126, 5*l - 20082 + 4636 = -3*h. What are the prime factors of h?
2, 3, 857
Let u(b) = 2*b - 9. Let r be u(6). Suppose 0*s - 16 = -4*s - q, -r*s + q + 19 = 0. Suppose s*m = -5*j + m + 118, 4*j - m - 107 = 0. List the prime factors of j.
2, 13
Let s(i) be the third derivative of -i**4/12 + 23*i**3/6 - 7*i**2. Let n be s(10). Suppose -n*x + 84 = q, q - 100 = x - 12. What are the prime factors of q?
3, 29
Let t(a) = -2*a**3 - 63*a**2 + 105*a - 5. Let f(s) = 3*s**3 + 95*s**2 - 157*s + 8. Let c(d) = 5*f(d) + 8*t(d). What are the prime factors of c(-31)?
7, 31
Let r(a) = -8729*a + 14. Let v be r(-2). Suppose 19*t + 9*t - v = 0. List the prime factors of t.
2, 3, 13
Let z(f) = f**3 - 20*f**2 + 7*f + 38. Let l be z(18). Let s = l + 917. What are the prime factors of s?
433
Let u(o) = 2*o**3 - 7*o**2 - o - 8. Let z be (-2)/(-8)*14*(-84)/(-49). What are the prime factors of u(z)?
2, 83
Let x = 184862 + -108623. What are the prime factors of x/90 - -4*(-2)/80?
7, 11
Let u = 229 - 80. Suppose 3*k = 19 + u. Let f = 162 - k. List the prime factors of f.
2, 53
Let u(l) = -l**3 - 3. Let d be u(-2). Suppose -4*o = -d*g - 3 - 0, -g = -1. Suppose 3*z + o - 149 = 0. List the prime factors of z.
7
Suppose 0 = n - 4. Suppose -6 = 3*p + 2*p + n*q, -3*p + 3*q + 18 = 0. Suppose 0 = f + 3, -5 = -p*b - 5*f + 24. What are the prime factors of b?
2, 11
Let c(f) = 3291*f + 154. List the prime factors of c(10).
2, 4133
List the prime factors of 1/(-1) + -4 + 4544 + 1.
2, 5, 227
Suppose -421*v + 13074 = -420*v. List the prime factors of v.
2, 3, 2179
Let x = 106 - 100. Suppose x*m - 4605 = -951. What are the prime factors of m?
3, 7, 29
Suppose -a = 254 - 259. Let b(n) be the third derivative of 5*n**4/4 - 3*n**3/2 + 2*n**2. What are the prime factors of b(a)?
3, 47
Let s be ((-20)/16)/(((-3)/(-4))/(-3)). Let d be (7/s - 1)*(-6 - -1). What are the prime factors of (2/(-5))/(d/50)?
2, 5
Let l(i) = 1000*i - 14. List the prime factors of l(1).
2, 17, 29
Let j = -19 + 23. Suppose -3*m + j*m = -3*l - 8, 0 = -4*l - 12. Let f(o) = 34*o**2. What are the prime factors of f(m)?
2, 17
Suppose -269 - 226 = -5*n. Let d be -10*3/15*-2. Let x = d + n. What are the prime factors of x?
103
Suppose -119 = -32*u + 41. Suppose -48*f + 43*f = 4*m - 2153, 5*m - 2690 = -u*f. What are the prime factors of m?
3, 179
Suppose 4*s + 19 - 59 = 0. Suppose 5*f - s*f = -745. What are the prime factors of f?
149
Let x be (-3)/12 + 30/(-8). List the prime factors of -656*2/x*4.
2, 41
Suppose 26 + 64 = -5*r. Let w(p) = 0*p + 135 + p - 2*p - 106. List the prime factors of w(r).
47
Suppose 510 = -5*d - 0*d. Let f = -493 - d. Let r = 579 + f. List the prime factors of r.
2, 47
Let o(m) = 114*m**2 + 27*m + 785. List the prime factors of o(-18).
5, 11, 677
Suppose -29 = 3*j - 17. Let b(v) = 109*v**2 - 9*v - 10. Let m(p) = -110*p**2 + 8*p + 9. Let a(z) = j*m(z) - 3*b(z). What are the prime factors of a(-1)?
2, 7
Let v be (-7097)/(-188) - (-3 + (-22)/(-8)). Let r(k) = -6*k**3 - 2*k**2 + 1. Let d be r(-1). What are the prime factors of d/(-10) + v/4?
3
Let y(c) = -4 + 7 - 84*c - 429*c. Let z be y(1). What are the prime factors of (z/18)/(1/(-3))?
5, 17
Let x be 5*(12/5)/4. Let a(z) = 7*z + 177. Let j be a(-25). Suppose 5*v - x*y = 594, -3*v - j*y = 2*v - 604. What are the prime factors of v?
2, 3, 5
Let k(y) = 2*y - 25. Let n be k(-26). What are the prime factors of (1 + n)*(-12)/3?
2, 19
Let a be 12/(-42) + 0 - 863/(-7). Suppose a + 201 = -6*g. Let f = -6 - g. What are the prime factors of f?
2, 3
Let m = 27323 - 18033. List the prime factors of m.
2, 5, 929
Suppose 3*f + 5*s = 32622, -f - 2*s + 6044 = -4830. Suppose 0 = 27*n - f - 11185. List the prime factors of n.
19, 43
Let d(h) = 39*h**2 + 351*h + 126. List the prime factors of d(-12).
2, 3, 5, 17
Let v be ((-27)/(-6))/((-6)/(-584)). Let h(l) = 452*l**2 + 56*l - 58. Let a be h(1). Suppose 3*n + a = 5*n - 4*i, 2*n = i + v. What are the prime factors of n?
7, 31
Suppose -251*o + 207*o + 2077636 = 0. List the prime factors of o.
23, 2053
List the prime factors of (356 - 121)*(-58)/((-1)/1).
2, 5, 29, 47
Let t(y) = -2*y**3 - 135*y**2 - 75*y - 426. Let p be t(-67). Suppose -3*u = -u + 84. Let r = p + u. What are the prime factors of r?
2, 17
Suppose 8918 + 2882 = 50*p. Suppose 4*g = -x + 2*x - 426, -2*x = g - 825. Let k = x - p. List the prime factors of k.
2, 89
Suppose 0*b = -7*b - 112. Let f(d) = -16*d - 15. What are the prime factors of f(b)?
241
Suppose -206*w = -2894646 - 1107110. List the prime factors of w.
2, 11, 883
Suppose -8*j + 5*j + 7*j - 26100 = 0. List the prime factors of j.
3, 5, 29
Let w = -5630 + 7887. What are the prime factors of w?
37, 61
Let w(d) = 33*d**3 + 4*d**2 - 4. Let n be w(-2). Let z be n/(-60) - 1/5. Suppose x - 39 = -3*v, -4*x + 0*x - z*v = -188. What are the prime factors of x?
3, 17
Suppose 5*w = -2*a - 413, -2*a + 154 = -8*w + 6*w. List the prime factors of (22950/w)/((-2)/3).
5, 17
Suppose 7*z - 21 = -2*d + 2*z, -9 = -3*z. Suppose -d*l + 145 = -68. List the prime factors of l.
71
Let o(m) = m**3 + 5*m**2 - 5*m + 7. Let v be o(-6). Let a be (-14 - v)*8/(-12). List the prime factors of 514/a - (-30)/50.
2, 13
Suppose -22*y = -691056 - 229512. List the prime factors of y.
2, 3, 11, 317
Let v(o) = 5*o + 26. Suppose 0 = 2*m - 3 + 3. Suppose -5*g + 35 = -m*g. What are the prime factors of v(g)?
61
Let w be (1/(-2))/((-189)/(-192) + -1). Let o = w - 26. Let t(h) = 2*h**2 + 7*h + 7. List the prime factors of t(o).
11
Suppose 0 = -5*j + 2*q - 5, 4*q = -j + q - 1. Let n be -4 + (2 - j*6). Suppose -411 = -3*h - 3*d, -2*h + 4*d = -n*h + 268. List the prime factors of h.
2, 5, 7
Let x(l) = -100*l**3 - l**2 - 14*l + 5. What are the prime factors of x(-4)?
5, 1289
Let a(x) = x**3 + 12*x**2 + 14*x. Let f be a(-7). Let l = 606 - f. What are the prime factors of l?
3, 17
Suppose 4*j - 3*o + 5*o - 458 = 0, 2*j = 2*o + 232. Let n = j - 4. What are the prime factors of n?
3, 37
Let z(k) = 11*k - 6. Let b be z(0). What are the prime factors of -4 + 0 + 10 + (-9252)/b?
2, 3, 43
Let n be (-4*1/2 + 3)*0. Suppose n = -3*b + 10*b - 14. Suppose -8 = -m + 4*k + 12, m - 38 = -b*k. What are the prime factors of m?
2
Let h = 465 - 465. Suppose -2*t + 1194 = -0*t - 4*j, h = -3*t + j + 1771. List the prime fa